{"id":4393,"date":"2016-02-24T00:11:40","date_gmt":"2016-02-24T00:11:40","guid":{"rendered":"http:\/\/www.meade.com.mx\/?page_id=4393"},"modified":"2016-06-23T15:03:33","modified_gmt":"2016-06-23T15:03:33","slug":"distribuidores","status":"publish","type":"page","link":"https:\/\/www.meade.com.mx\/index.php\/distribuidores\/","title":{"rendered":"Distribuidores"},"content":{"rendered":"<div class=\"flex_column av_one_full  flex_column_div av-zero-column-padding first  \" style='border-radius:0px; '><p><div style='padding-bottom:10px;' class='av-special-heading av-special-heading-h2  blockquote modern-quote  '><h2 class='av-special-heading-tag '  itemprop=\"headline\"  >\u00bfD\u00f3nde comprar? <\/h2><div class='special-heading-border'><div class='special-heading-inner-border' ><\/div><\/div><\/div><br \/>\n<div style='height:20px' class='hr hr-invisible  '><span class='hr-inner ' ><span class='hr-inner-style'><\/span><\/span><\/div><br \/>\n<article class=\"iconbox iconbox_left_content    \"  itemscope=\"itemscope\" itemtype=\"https:\/\/schema.org\/CreativeWork\" ><div class=\"iconbox_icon heading-color \" aria-hidden='true' data-av_icon='\ue859' data-av_iconfont='entypo-fontello'  style='background-color:#8e8e8e; border:1px solid #c1c1c1; color:#ffffff; ' ><\/div><div class=\"iconbox_content\"><header class=\"entry-content-header\"><h3 class='iconbox_content_title '  itemprop=\"headline\"  >Tienda en l\u00ednea de Kosmos Scientific de M\u00e9xico<\/h3><\/header><div class='iconbox_content_container  '  itemprop=\"text\"  ><p>Tienda en l\u00ednea de Kosmos Scientific de M\u00e9xico, con el m\u00e1s extenso surtido en productos para la astronom\u00eda.<br \/>\n<a href=\"http:\/\/www.kosmos.com.mx\/tienda\/catalog\/astronomia-c-21.html\">Haz clic aqu\u00ed para ir a la tienda<\/a><\/p>\n<\/div><\/div><footer class=\"entry-footer\"><\/footer><\/article><\/p><\/div>\n<div style='height:20px' class='hr hr-invisible  '><span class='hr-inner ' ><span class='hr-inner-style'><\/span><\/span><\/div>\n<div style='padding-bottom:10px;' class='av-special-heading av-special-heading-h2  blockquote modern-quote   '><h2 class='av-special-heading-tag '  itemprop=\"headline\"  >DISTRIBUIDORES<\/h2><div class='special-heading-border'><div class='special-heading-inner-border' ><\/div><\/div><\/div>\n<div style='height:20px' class='hr hr-invisible  '><span class='hr-inner ' ><span class='hr-inner-style'><\/span><\/span><\/div>\n<div class=\"flex_column av_one_half  flex_column_div av-zero-column-padding first  \" style='border-radius:0px; '><p><article class=\"iconbox iconbox_top main_color    \"  itemscope=\"itemscope\" itemtype=\"https:\/\/schema.org\/CreativeWork\" ><div class=\"iconbox_content\"><header class=\"entry-content-header\"><div class=\"iconbox_icon heading-color \" aria-hidden='true' data-av_icon='\ue842' data-av_iconfont='entypo-fontello'  ><\/div><h3 class='iconbox_content_title '  itemprop=\"headline\"  >Guadalajara \/ Zapopan, Jalisco<\/h3><\/header><div class='iconbox_content_container  '  itemprop=\"text\"  ><p><a href=\"https:\/\/www.meade.com.mx\/wp-content\/uploads\/2016\/02\/gal-cen.jpg\"><img loading=\"lazy\" decoding=\"async\" class=\"alignnone size-full wp-image-5792\" src=\"https:\/\/www.meade.com.mx\/wp-content\/uploads\/2016\/02\/gal-cen.jpg\" alt=\"gal-cen\" width=\"162\" height=\"120\" \/><\/a><br \/>\nGalitt Sucursal Centro<br \/>\nGalitt, S.A.<br \/>\nCol\u00f3n No. 1 esq. Morelos<br \/>\nCentro Hist\u00f3rico<br \/>\nGuadalajara, Jal.<br \/>\nTel 3658-5876<\/p>\n<hr \/>\n<p><a href=\"https:\/\/www.meade.com.mx\/wp-content\/uploads\/2016\/02\/gal-mag.jpg\"><img loading=\"lazy\" decoding=\"async\" class=\"alignnone size-full wp-image-5793\" src=\"https:\/\/www.meade.com.mx\/wp-content\/uploads\/2016\/02\/gal-mag.jpg\" alt=\"gal-mag\" width=\"162\" height=\"120\" \/><\/a><br \/>\nGallit Sucursal Magno<br \/>\nGalitt, S.A.<br \/>\nCentro Magno L-B1A<br \/>\nAv. Vallarta 2425<br \/>\nGuadalajara, Jal.<br \/>\nTel 3615-6425<\/p>\n<hr \/>\n<p><a href=\"https:\/\/www.meade.com.mx\/wp-content\/uploads\/2016\/02\/gal-pat.jpg\"><img loading=\"lazy\" decoding=\"async\" class=\"alignnone size-full wp-image-5794\" src=\"https:\/\/www.meade.com.mx\/wp-content\/uploads\/2016\/02\/gal-pat.jpg\" alt=\"gal-pat\" width=\"162\" height=\"120\" \/><\/a><br \/>\nGallit Sucursal Patria<br \/>\nGalitt, S.A.<br \/>\nPlaza Patria L-8 Zona A<br \/>\nZapopan, Jal.<br \/>\nTel. 3641-3721<\/p>\n<\/div><\/div><footer class=\"entry-footer\"><\/footer><\/article><br \/>\n<div style='height:20px' class='hr hr-invisible  '><span class='hr-inner ' ><span class='hr-inner-style'><\/span><\/span><\/div><br \/>\n<article class=\"iconbox iconbox_top main_color    \"  itemscope=\"itemscope\" itemtype=\"https:\/\/schema.org\/CreativeWork\" ><div class=\"iconbox_content\"><header class=\"entry-content-header\"><div class=\"iconbox_icon heading-color \" aria-hidden='true' data-av_icon='\ue842' data-av_iconfont='entypo-fontello'  ><\/div><h3 class='iconbox_content_title '  itemprop=\"headline\"  >Le\u00f3n, Guanajuato<\/h3><\/header><div class='iconbox_content_container  '  itemprop=\"text\"  ><p><a href=\"https:\/\/www.meade.com.mx\/wp-content\/uploads\/2016\/02\/astrpeter_s.gif\"><img loading=\"lazy\" decoding=\"async\" class=\"alignnone size-full wp-image-5788\" src=\"https:\/\/www.meade.com.mx\/wp-content\/uploads\/2016\/02\/astrpeter_s.gif\" alt=\"astrpeter_s\" width=\"162\" height=\"120\" \/><\/a><\/p>\n<p><strong>AstroPeter<\/strong><br \/>\nAv. Leon Norte #1001. Col. Panorama<br \/>\nTel:01(477)7173081. Leon, Guanajuato.<br \/>\nemail: pedro_gonzalez_jimenez@hotmail.com<\/p>\n<\/div><\/div><footer class=\"entry-footer\"><\/footer><\/article><br \/>\n<div style='height:20px' class='hr hr-invisible  '><span class='hr-inner ' ><span class='hr-inner-style'><\/span><\/span><\/div><br \/>\n<article class=\"iconbox iconbox_top main_color    \"  itemscope=\"itemscope\" itemtype=\"https:\/\/schema.org\/CreativeWork\" ><div class=\"iconbox_content\"><header class=\"entry-content-header\"><div class=\"iconbox_icon heading-color \" aria-hidden='true' data-av_icon='\ue842' data-av_iconfont='entypo-fontello'  ><\/div><h3 class='iconbox_content_title '  itemprop=\"headline\"  >Monterrey, Nuevo Le\u00f3n<\/h3><\/header><div class='iconbox_content_container  '  itemprop=\"text\"  ><p><a href=\"https:\/\/www.meade.com.mx\/wp-content\/uploads\/2016\/02\/tienda_mty.jpg\"><img loading=\"lazy\" decoding=\"async\" class=\"alignnone size-full wp-image-5797\" src=\"https:\/\/www.meade.com.mx\/wp-content\/uploads\/2016\/02\/tienda_mty.jpg\" alt=\"tienda_mty\" width=\"162\" height=\"120\" \/><\/a><\/p>\n<p>Kosmos Scientific de M\u00e9xico<br \/>\n(Venta de Bodega y Mayoreo)<br \/>\nLoma de los Pinos 5712 La Estanzuela<br \/>\nMonterrey, N.L. Tel 8298-9716 y 17<br \/>\nemail administraci\u00f3n:<a href=\"http:\/\/kosmos@kosmos.com.mx\"> kosmos@kosmos.com.mx<\/a><br \/>\nemail ventas: vtasweb@kosmos.com.mx<\/p>\n<hr \/>\n<p><a href=\"https:\/\/www.meade.com.mx\/wp-content\/uploads\/2016\/02\/LOGOATM.png\"><img loading=\"lazy\" decoding=\"async\" class=\"alignnone size-full wp-image-5795\" src=\"https:\/\/www.meade.com.mx\/wp-content\/uploads\/2016\/02\/LOGOATM.png\" alt=\"LOGOATM\" width=\"282\" height=\"80\" \/><\/a><br \/>\nTelescopios ATM<br \/>\nAv. Jos\u00e9 Vasconcelos #150 Pte. L-12<br \/>\nCol. Bosques del Valle, San Pedro Garza Garc\u00eda, N.L., CP 66250<br \/>\nTels. (81) 8335-8580 y 8335-8953<br \/>\nSitio web: www.telescopiosatm.com<\/p>\n<hr \/>\n<p><a href=\"https:\/\/www.meade.com.mx\/wp-content\/uploads\/2016\/02\/logortiz.jpg\"><img loading=\"lazy\" decoding=\"async\" class=\"alignnone size-full wp-image-5796\" src=\"https:\/\/www.meade.com.mx\/wp-content\/uploads\/2016\/02\/logortiz.jpg\" alt=\"logortiz\" width=\"177\" height=\"100\" \/><\/a><br \/>\nCasa Ortiz<br \/>\nCasa Ort\u00edz de Monterrey, S.A. de C.V.<br \/>\n&#8211; Plaza Fiesta San Agust\u00edn, Local G-1<br \/>\nCol. Residencial San Agust\u00edn<br \/>\nCP. 66260<br \/>\nTel. (81) 8363-2464<\/p>\n<p>Sitio Web: <a href=\"http:\/\/www.casaortiz.com.mx\">www.casaortiz.com.mx<\/a><\/p>\n<\/div><\/div><footer class=\"entry-footer\"><\/footer><\/article><\/p><\/div>\n<div class=\"flex_column av_one_half  flex_column_div av-zero-column-padding   \" style='border-radius:0px; '><p><article class=\"iconbox iconbox_top main_color    \"  itemscope=\"itemscope\" itemtype=\"https:\/\/schema.org\/CreativeWork\" ><div class=\"iconbox_content\"><header class=\"entry-content-header\"><div class=\"iconbox_icon heading-color \" aria-hidden='true' data-av_icon='\ue842' data-av_iconfont='entypo-fontello'  ><\/div><h3 class='iconbox_content_title '  itemprop=\"headline\"  >Distrito Federal<\/h3><\/header><div class='iconbox_content_container  '  itemprop=\"text\"  ><p><a href=\"https:\/\/www.meade.com.mx\/wp-content\/uploads\/2016\/02\/LOGOATM.png\"><img loading=\"lazy\" decoding=\"async\" class=\"alignnone size-full wp-image-5795\" src=\"https:\/\/www.meade.com.mx\/wp-content\/uploads\/2016\/02\/LOGOATM.png\" alt=\"LOGOATM\" width=\"282\" height=\"80\" \/><\/a><\/p>\n<p>Telescopios ATM<br \/>\nMiguel Angel de Quevedo #8 Local B<br \/>\ncasi esquina con Insurgentes, a un costado de RedPack y Restaurante Casa Avila<br \/>\nCol. Hacienda Guadalupe Chimalistac,<br \/>\nDel. \u00c1lvaro Obreg\u00f3n<br \/>\nM\u00e9xico, D.F. 01050<br \/>\nTels. (55) 5662-5047<br \/>\nTels\/Fax 5605-0642 y 5604-9016<br \/>\nSitio web: www.telescopiosatm.com<br \/>\nemail: jjimenez@telescopiosatm.com<\/p>\n<hr \/>\n<p>Trenes, S.A.<br \/>\nC. Circuito Comercial No. 2251 Local C137<br \/>\nCd. Sat\u00e9lite. Naucalpan, Edo. de Mex.<br \/>\nTel 5572-3649 y 5373-4807<br \/>\nFoto Imagen S.A.<\/p>\n<hr \/>\n<p><a href=\"https:\/\/www.meade.com.mx\/wp-content\/uploads\/2016\/02\/fotoimagen_s.gif\"><img loading=\"lazy\" decoding=\"async\" class=\"alignnone size-full wp-image-5791\" src=\"https:\/\/www.meade.com.mx\/wp-content\/uploads\/2016\/02\/fotoimagen_s.gif\" alt=\"fotoimagen_s\" width=\"200\" height=\"150\" \/><\/a><br \/>\nFotoImagen S.A.<br \/>\nAv. Juarez 56. Col. Centro. M\u00e9xico, D.F.<br \/>\nTel\u00e9fonos: 5510-0263<br \/>\n<a href=\"http:\/\/www.foto-imagen.com\">Sitio web: www.foto-imagen.com<\/a><br \/>\nBaj\u00edo No. 360. Col. Roma Sur. M\u00e9xico, D.F.<br \/>\nTel. 5278-9938<\/p>\n<hr \/>\n<p>Ofimaq Rivera, S.A. de C.V.<br \/>\nDonceles 67-A Col. Centro<br \/>\nTel. (55) 5521-0249<\/p>\n<hr \/>\n<p><a href=\"https:\/\/www.meade.com.mx\/wp-content\/uploads\/2016\/02\/Fachada-AE-Kosmos.jpg\"><img loading=\"lazy\" decoding=\"async\" class=\"alignnone size-full wp-image-5790\" src=\"https:\/\/www.meade.com.mx\/wp-content\/uploads\/2016\/02\/Fachada-AE-Kosmos.jpg\" alt=\"Fachada AE-Kosmos\" width=\"162\" height=\"120\" \/><\/a><\/p>\n<p>Astronom\u00eda Educativa<br \/>\nZempoala 244, Col. Narvarte. Del. Benito Ju\u00e1rez, C.P. 03020, M\u00e9xico, D.F.<\/p>\n<\/div><\/div><footer class=\"entry-footer\"><\/footer><\/article><br \/>\n<div style='height:20px' class='hr hr-invisible  '><span class='hr-inner ' ><span class='hr-inner-style'><\/span><\/span><\/div><br \/>\n<article class=\"iconbox iconbox_top main_color    \"  itemscope=\"itemscope\" itemtype=\"https:\/\/schema.org\/CreativeWork\" ><div class=\"iconbox_content\"><header class=\"entry-content-header\"><div class=\"iconbox_icon heading-color \" aria-hidden='true' data-av_icon='\ue842' data-av_iconfont='entypo-fontello'  ><\/div><h3 class='iconbox_content_title '  itemprop=\"headline\"  >Puebla, Puebla<\/h3><\/header><div class='iconbox_content_container  '  itemprop=\"text\"  ><p>Astrokosmos<br \/>\nMargaritas No. 817C, Fracc. Bugambileas,<br \/>\nPuebla, Pue. Tel. (22) 2244-7417<\/p>\n<\/div><\/div><footer class=\"entry-footer\"><\/footer><\/article><br \/>\n<div style='height:20px' class='hr hr-invisible  '><span class='hr-inner ' ><span class='hr-inner-style'><\/span><\/span><\/div><br \/>\n<article class=\"iconbox iconbox_top main_color    \"  itemscope=\"itemscope\" itemtype=\"https:\/\/schema.org\/CreativeWork\" ><div class=\"iconbox_content\"><header class=\"entry-content-header\"><div class=\"iconbox_icon heading-color \" aria-hidden='true' data-av_icon='\ue842' data-av_iconfont='entypo-fontello'  ><\/div><h3 class='iconbox_content_title '  itemprop=\"headline\"  >Quer\u00e9taro, Quer\u00e9taro<\/h3><\/header><div class='iconbox_content_container  '  itemprop=\"text\"  ><p><a href=\"https:\/\/www.meade.com.mx\/wp-content\/uploads\/2016\/02\/aeroint-3_s1.gif\"><img loading=\"lazy\" decoding=\"async\" class=\"alignnone size-full wp-image-5787\" src=\"https:\/\/www.meade.com.mx\/wp-content\/uploads\/2016\/02\/aeroint-3_s1.gif\" alt=\"aeroint-3_s&#091;1&#093;\" width=\"162\" height=\"120\" \/><\/a><\/p>\n<p>Aeromodelismo Internacional<br \/>\nArteaga 184, Centro Hist\u00f3rico.<br \/>\nTel: 216-3545<\/p>\n<\/div><\/div><footer class=\"entry-footer\"><\/footer><\/article><br \/>\n<div style='height:20px' class='hr hr-invisible  '><span class='hr-inner ' ><span class='hr-inner-style'><\/span><\/span><\/div><br \/>\n<article class=\"iconbox iconbox_top main_color    \"  itemscope=\"itemscope\" itemtype=\"https:\/\/schema.org\/CreativeWork\" ><div class=\"iconbox_content\"><header class=\"entry-content-header\"><div class=\"iconbox_icon heading-color \" aria-hidden='true' data-av_icon='\ue842' data-av_iconfont='entypo-fontello'  ><\/div><h3 class='iconbox_content_title '  itemprop=\"headline\"  >San Luis Potos\u00ed, S.L.P.<\/h3><\/header><div class='iconbox_content_container  '  itemprop=\"text\"  ><p><a href=\"https:\/\/www.meade.com.mx\/wp-content\/uploads\/2016\/02\/logortiz.jpg\"><img loading=\"lazy\" decoding=\"async\" class=\"alignnone size-full wp-image-5796\" src=\"https:\/\/www.meade.com.mx\/wp-content\/uploads\/2016\/02\/logortiz.jpg\" alt=\"logortiz\" width=\"177\" height=\"100\" \/><\/a><br \/>\nCasa Ort\u00edz de Monterrey (S.L.P.)<br \/>\nPlaza Sendero Loc-C6, Av. Benito Ju\u00e1rez No.2005., Fracc. Estrella Oriente<br \/>\nSan Luis Potos\u00ed, S.L.P. CP: 78396<br \/>\nTel. (444) 659-7713 y 14<\/p>\n<\/div><\/div><footer class=\"entry-footer\"><\/footer><\/article><br \/>\n<div style='height:20px' class='hr hr-invisible  '><span class='hr-inner ' ><span class='hr-inner-style'><\/span><\/span><\/div><br \/>\n<article class=\"iconbox iconbox_top main_color    \"  itemscope=\"itemscope\" itemtype=\"https:\/\/schema.org\/CreativeWork\" ><div class=\"iconbox_content\"><header class=\"entry-content-header\"><div class=\"iconbox_icon heading-color \" aria-hidden='true' data-av_icon='\ue842' data-av_iconfont='entypo-fontello'  ><\/div><h3 class='iconbox_content_title '  itemprop=\"headline\"  >Torre\u00f3n, Coahuila<\/h3><\/header><div class='iconbox_content_container  '  itemprop=\"text\"  ><p><a href=\"https:\/\/www.meade.com.mx\/wp-content\/uploads\/2016\/02\/didactic_s.gif\"><img loading=\"lazy\" decoding=\"async\" class=\"alignnone size-full wp-image-5789\" src=\"https:\/\/www.meade.com.mx\/wp-content\/uploads\/2016\/02\/didactic_s.gif\" alt=\"didactic_s\" width=\"162\" height=\"120\" \/><\/a><br \/>\nDidacti Juegos<br \/>\nPlaza Cuatro Caminos Local 206-A<br \/>\nTel (871) 722-6133 Fax (871) 722-6183<br \/>\nemail: didactijuegos@prodigy.net.mx<br \/>\nGaler\u00edas Laguna Local 253<br \/>\nTel (871) 716-5500 Fax (871) 722-6183<\/p>\n<\/div><\/div><footer class=\"entry-footer\"><\/footer><\/article><\/p><\/div>\n<div style='height:20px' class='hr hr-invisible  '><span class='hr-inner ' ><span class='hr-inner-style'><\/span><\/span><\/div>\n<form action=\"https:\/\/www.meade.com.mx\/index.php\/distribuidores\/\" method=\"post\"  class=\"avia_ajax_form av-form-labels-visible   av-custom-form-color av-dark-form \" data-avia-form-id=\"1\" data-avia-redirect=''><fieldset><h3>\u00bfLe interesa vender productos Meade? Cont\u00e1ctenos con el siguiente formulario:<\/h3><p class=' first_form  form_element form_fullwidth' id='element_avia_1_1'><label for=\"avia_1_1\">Nombre <abbr class=\"required\" title=\"required\">*<\/abbr><\/label> <input name=\"avia_1_1\" class=\"text_input is_empty\" type=\"text\" id=\"avia_1_1\" value=\"\" \/><\/p><p class=' first_form  form_element form_fullwidth' id='element_avia_2_1'><label for=\"avia_2_1\">Correo <abbr class=\"required\" title=\"required\">*<\/abbr><\/label> <input name=\"avia_2_1\" class=\"text_input is_email\" type=\"text\" id=\"avia_2_1\" value=\"\" \/><\/p><p class=' first_form  form_element form_fullwidth av-last-visible-form-element' id='element_avia_3_1'>\t <label for=\"avia_3_1\" class=\"textare_label hidden textare_label_avia_3_1\">Comentarios <abbr class=\"required\" title=\"required\">*<\/abbr><\/label>\t <textarea  name=\"avia_3_1\" class=\"text_area is_empty\" cols=\"40\" rows=\"7\" id=\"avia_3_1\" ><\/textarea><\/p><p class=\"hidden\"><input type=\"text\" name=\"avia_4_1\" class=\"hidden \" id=\"avia_4_1\" value=\"\" \/><\/p><p class=\"form_element \"><input type=\"hidden\" value=\"1\" name=\"avia_generated_form1\" \/><input type=\"submit\" value=\"Enviar\" class=\"button\"  data-sending-label=\"Sending\"\/><\/p><\/fieldset><\/form><div id=\"ajaxresponse_1\" class=\"ajaxresponse ajaxresponse_1 hidden\"><\/div>\n","protected":false},"excerpt":{"rendered":"","protected":false},"author":7,"featured_media":0,"parent":0,"menu_order":0,"comment_status":"closed","ping_status":"closed","template":"","meta":{"footnotes":""},"class_list":["post-4393","page","type-page","status-publish","hentry"],"_links":{"self":[{"href":"https:\/\/www.meade.com.mx\/index.php\/wp-json\/wp\/v2\/pages\/4393","targetHints":{"allow":["GET"]}}],"collection":[{"href":"https:\/\/www.meade.com.mx\/index.php\/wp-json\/wp\/v2\/pages"}],"about":[{"href":"https:\/\/www.meade.com.mx\/index.php\/wp-json\/wp\/v2\/types\/page"}],"author":[{"embeddable":true,"href":"https:\/\/www.meade.com.mx\/index.php\/wp-json\/wp\/v2\/users\/7"}],"replies":[{"embeddable":true,"href":"https:\/\/www.meade.com.mx\/index.php\/wp-json\/wp\/v2\/comments?post=4393"}],"version-history":[{"count":15,"href":"https:\/\/www.meade.com.mx\/index.php\/wp-json\/wp\/v2\/pages\/4393\/revisions"}],"predecessor-version":[{"id":7198,"href":"https:\/\/www.meade.com.mx\/index.php\/wp-json\/wp\/v2\/pages\/4393\/revisions\/7198"}],"wp:attachment":[{"href":"https:\/\/www.meade.com.mx\/index.php\/wp-json\/wp\/v2\/media?parent=4393"}],"curies":[{"name":"wp","href":"https:\/\/api.w.org\/{rel}","templated":true}]}}